- 2061. What is a(181)?
-70
Let n(v) = 8*v - 412. Give n(50).
-12
Let x(v) = -v**3 + 30*v**2 - 86*v + 344. What is x(27)?
209
Let r(w) = 30*w**2 + 10*w + 9. Give r(-3).
249
Let h(y) = 2*y**3 - 20*y**2 + 3*y - 16. What is h(10)?
14
Let x(n) = -43*n + 379. What is x(-7)?
680
Let r(v) = -v**2 + 19532*v - 136661. Calculate r(7).
14
Let j(p) = 64*p + 6653. Calculate j(-104).
-3
Let y(h) = -14*h + 100. What is y(22)?
-208
Let h(b) = -4*b**2 + 385*b + 386. Calculate h(-1).
-3
Let w(s) = 558*s + 6700. What is w(-12)?
4
Let q(b) = -2*b**3 - 37*b**2 - 150*b - 88. Determine q(-13).
3
Let b(i) = -125*i - 1917. Give b(-15).
-42
Let d(p) = -p**3 - 18*p**2 + 39*p + 372. What is d(-9)?
-708
Let r(u) = 364*u - 1. Give r(0).
-1
Let t(u) = u**3 - u**2 + 11*u + 19. What is t(-5)?
-186
Let b(a) = 3*a**2 - 13*a - 53. Calculate b(8).
35
Let a(y) = 526*y - 3017. Determine a(6).
139
Let j(o) = 2*o**3 - 15*o**2 + o - 79. Give j(10).
431
Let u(p) = -p**3 - 16*p**2 + 294*p - 80. Give u(-27).
1
Let r(l) = -8314*l - 33233. Calculate r(-4).
23
Let g(n) = n**3 - 35*n**2 + 44*n - 258. Determine g(34).
82
Let v(s) = -17*s**3 + 7*s**2 + 38*s + 99. Give v(-3).
507
Let l(f) = 1104*f + 1098. What is l(-1)?
-6
Let h(u) = -4*u**2 - 68*u - 196. Calculate h(-3).
-28
Let c(s) = s**3 + 32*s**2 - 44. Determine c(-32).
-44
Let w(d) = -2*d**3 + 18*d**2 - 20*d + 225. What is w(9)?
45
Let u(q) = 2*q**2 - 50*q + 234. Calculate u(7).
-18
Let l(j) = -j**2 - 114*j + 677. Give l(-119).
82
Let f(b) = 2*b**3 - 20*b**2 + 37*b + 16. Determine f(4).
-28
Let b(c) = -33*c + 2509. Calculate b(85).
-296
Let l(i) = i**2 - 116*i - 1237. Give l(-12).
299
Let s(a) = -2*a**3 - 71*a**2 - 101*a + 27. What is s(-34)?
-7
Let m(k) = -2*k**2 + 633*k + 1909. Give m(-3).
-8
Let c(i) = 10*i + 514. What is c(-52)?
-6
Let f(y) = -600*y + 38987. Determine f(65).
-13
Let q(i) = 15*i + 375. Calculate q(-24).
15
Let f(u) = 2*u**2 + 131*u + 1370. Give f(-53).
45
Let i(y) = y**3 - 31*y**2 + 244*y + 22. Give i(15).
82
Let n(s) = -s**3 + 31*s**2 + 29*s - 340. Calculate n(3).
-1
Let t(g) = -558*g + 5641. What is t(10)?
61
Let j(o) = -90*o - 836. Determine j(-9).
-26
Let f(r) = -r**3 + 29*r**2 + 107*r + 115. Determine f(33).
-710
Let a(m) = -596*m - 75090. Calculate a(-126).
6
Let j(i) = -5300*i - 10549. Determine j(-2).
51
Let j(r) = r + 39. What is j(-10)?
29
Let t(p) = 25*p**2 + 5573*p - 441. What is t(-223)?
5
Let t(n) = -54*n - 621. What is t(-12)?
27
Let o(z) = -4*z**2 + 144*z + 295. Determine o(39).
-173
Let o(l) = 7*l**2 + 23*l + 45. Give o(-4).
65
Let w(t) = 370*t**2 + 1840*t + 4. Give w(-5).
54
Let g(w) = 30*w - 351. Calculate g(18).
189
Let v(y) = y**2 - 77*y + 616. Give v(9).
4
Let w(c) = 4*c**3 - 81*c**2 + 18*c + 45. Calculate w(20).
5
Let p(z) = -17*z**2 - 21*z - 36. Give p(-2).
-62
Let g(v) = v**3 - 9*v**2 + 133*v - 689. Determine g(6).
1
Let o(q) = q**3 + 107*q**2 - 451*q - 759. Calculate o(-111).
18
Let m(x) = -823*x - 9054. Calculate m(-11).
-1
Let o(m) = -29*m**3 + 5*m**2 + 15*m - 67. What is o(3)?
-760
Let h(x) = 2*x**3 - 25*x**2 - 8*x - 49. Calculate h(13).
16
Let c(r) = 2*r**2 - 68*r - 356. What is c(-5)?
34
Let r(i) = -i**3 + 42*i**2 + 39*i + 164. Calculate r(43).
-8
Let w(v) = -v**3 - 24*v**2 + 21*v - 98. What is w(-25)?
2
Let s(q) = -q**3 - 26*q**2 - 96*q - 164. Calculate s(-22).
12
Let u(x) = -3942*x - 7919. Give u(-2).
-35
Let d(t) = 2694*t - 80826. Give d(30).
-6
Let d(q) = -4*q**2 + 188*q + 180. Determine d(48).
-12
Let x(i) = 1871*i + 9371. Determine x(-5).
16
Let u(l) = -130*l - 44. Give u(-2).
216
Let u(y) = -5338*y - 26695. Determine u(-5).
-5
Let b(p) = 3*p**3 - 7*p**2 + 21*p - 77. Calculate b(3).
4
Let l(w) = 876*w - 5237. Calculate l(6).
19
Let y(b) = 2*b**2 + 239*b + 6150. Determine y(-82).
0
Let n(d) = 2*d**3 - 16*d**2 + 72*d - 314. Give n(7).
92
Let i(j) = j**2 - 77*j - 1946. Give i(-20).
-6
Let d(j) = 2*j**3 - 120*j**2 + 123*j - 291. Calculate d(59).
4
Let r(f) = 3*f + 124. Calculate r(-22).
58
Let q(i) = -2*i**3 + 18*i**2 + 46*i + 16. What is q(11)?
38
Let q(z) = 2*z**2 - 81*z + 473. What is q(33)?
-22
Let l(g) = -6*g**3 + 205*g**2 - 30*g - 140. Calculate l(34).
-4
Let y(m) = -2*m**3 - 5*m**2 + 94*m + 289. What is y(-3)?
16
Let u(b) = 4*b**2 + 123*b - 41. Give u(-31).
-10
Let d(j) = -j**3 - 141*j**2 + 883*j + 182. Give d(-147).
35
Let n(b) = -2*b**3 - 2*b**2 - b + 11. Give n(-3).
50
Let p(i) = 671*i - 1343. Calculate p(2).
-1
Let t(x) = -213*x - 1691. Calculate t(-8).
13
Let a(s) = -s**2 + 6*s - 3. Determine a(0).
-3
Let r(u) = -3*u**2 + 64*u - 521. What is r(8)?
-201
Let j(s) = 4*s**2 + s - 39. Determine j(-7).
150
Let k(f) = -f**3 + 14*f**2 - 3*f + 49. What is k(14)?
7
Let d(o) = -o**3 + 12*o**2 - 18*o. What is d(4)?
56
Let d(p) = 50*p**3 - 2*p**2 - 16*p - 15. Give d(-1).
-51
Let u(c) = -c**3 + 131*c**2 - 130*c + 10. What is u(130)?
10
Let m(h) = -h**3 + 21*h**2 - 29*h - 171. What is m(19)?
0
Let r(l) = l**3 - 7*l**2 - 15*l - 48. What is r(9)?
-21
Let m(i) = 5*i**3 - 3*i**2 - i + 3. What is m(-2)?
-47
Let r(i) = -21*i**2 - 526*i - 25. Determine r(-25).
0
Let a(j) = 30*j + 546. Give a(-19).
-24
Let i(j) = -121*j - 622. Determine i(-5).
-17
Let d(a) = -256*a + 1017. Give d(4).
-7
Let g(z) = -1779*z + 26649. Determine g(15).
-36
Let l(z) = -4*z**3 + 105*z**2 - 23*z - 90. Give l(26).
-12
Let p(u) = -82*u + 1069. Give p(13).
3
Let n(a) = 6*a**2 + 46*a - 303. Determine n(-12).
9
Let p(y) = -y**2 + 30*y + 119. Determine p(-5).
-56
Let y(f) = 2*f**3 + 90*f**2 + 166*f - 69. What is y(-43)?
189
Let f(n) = -n**3 - 12*n**2 - 16*n - 72. Determine f(-11).
-17
Let f(z) = -z**2 - 13*z - 6. Calculate f(-15).
-36
Let x(u) = u**3 + 8*u**2 - 6*u - 95. Determine x(-7).
-4
Let x(f) = -f**3 + 52*f**2 - 191*f - 33. Determine x(48).
15
Let f(q) = 20*q + 122. What is f(-6)?
2
Let b(x) = -34*x**2 + 7*x - 14. Determine b(2).
-136
Let g(j) = -j**2 + 272*j + 3106. Determine g(283).
-7
Let w(k) = 3*k**3 + 100*k**2 - 72*k - 133. Give w(-34).
3
Let z(s) = 1309*s - 37951. Determine z(29).
10
Let s(h) = -147*h - 1593. Calculate s(-16).
759
Let k(o) = 350*o - 2442. Calculate k(7).
8
Let z(t) = 16*t**2 + 306*t + 9. What is z(-19)?
-29
Let z(x) = -x**3 - 15*x**2 - 9*x + 72. Calculate z(-8).
-304
Let x(n) = -15*n**3 + 93*n**2 - 3. What is x(6)?
105
Let t(g) = g**3 - 626*g**2 - 6358*g + 13. Give t(-10).
-7
Let m(u) = 4*u**2 - 1139*u + 2275. What is m(2)?
13
Let d(n) = -58*n - 1509. Determine d(-26).
-1
Let s(i) = i**3 - 53*i**2 - 54*i - 205. Determine s(54).
-205
Let x(n) = 293*n - 3488. Give x(12).
28
Let q(c) = -36*c + 1144. Calculate q(32).
-8
Let x(o) = 2*o**3 + 55*o**2 - 26*o + 32. Determine x(-28).
-24
Let g(m) = -m**3 + 45*m**2 + 57*m - 299. Determine g(46).
207
Let n(t) = -2*t**2 - 112*t - 305. Give n(-53).
13
Let b(v) = -v**3 - 44*v + 20. Determine b(0).
20
Let b(q) = -77*q - 2509. Calculate b(-32).
-45
Let g(o) = 1957*o + 119351. Determine g(-61).
-26
Let a(g) = g**2 - 51*g + 17. Determine a(51).
17
Let u(q) = q**3 + 37*q**2 - 203*q + 155. Determine u(4).
-1
Let t(c) = -13*c**2 - 190*c + 3190. Determine t(10).
-10
Let u(s) = 132*s + 1218. Give u(-9).
30
Let m(w) = 4*w + 82. What is m(6)?
106
Let i(k) = -k**3 + 3*k**2 + 32*k + 26. Give i(-4).
10
Let i(o) = 27*o**2 - 112*o + 94. Calculate i(3).
1
Let o(y) = -y**3 - 43*y**2 + 21*y - 323. Give o(-44).
689
Let s(n) = -13*n - 416. Calculate s(-28).
-52
Let j(z) = 5*z**3 - 235*z**2 - 4*z + 28. Calculate j(47).
-160
Let d(y) = -16*y - 290. Give d(-15).
-50
Let m(g) = -g**2 - 139*g + 14634. Give m(-209).
4
Let j(z) = -z**3 + 27*z**2 - 174*z - 17. Calculate j(11).
5
Let d(z) = 150*z + 11249. Give d(-75).
-1
Let m(o) = -2*o**2 - 168*o + 900. Calculate m(-89).
10
Let q(r) = r**2 - 1966*r + 11767. Give q(6).
7
Let f(t) = -t**3 - 10*t**2 + 72*t + 581. Determine f(-6).
5
Let f(h) = 2*h**3 + 22*h**2 + 4*h - 75. Determine f(-10).
85
Let d(w) = w**2 - 186*w - 7233. Give d(-33).
-6
Let n(b) = -27*b - 363. Give n(-13).
-12
Let l(v) = 396*v + 17279. Give l(-44).
-145
Let p(r) = r**2 - 36*r - 150. Determine p(38).
-74
Let g(h) = 12*h**3 - 36*h**2 + 14*h - 55. Give g(3).
-13
Let b(i) = -i**2 + 2*i + 400. Calculate b(21).
1
Let y(k) = k**2 + 56*k + 49. Determine y(-55).
-6
Let i(x) = -x**2 - 15*x + 1934. Calculate i(37).
10
Let u(c) = -c**3 - 27*c**2 - 170*c + 22. Give u(-12).
-98
Let y